hundred thousands digit of 212554021?
5
What is the ten thousands digit of 837777618?
7
What is the hundred millions digit of 1467547107?
4
What is the units digit of 985265582?
2
What is the ten thousands digit of 62630317?
3
What is the tens digit of 89910845?
4
What is the tens digit of 2675659?
5
What is the tens digit of 68569189?
8
What is the hundred millions digit of 1518307965?
5
What is the hundreds digit of 128434684?
6
What is the billions digit of 1231358363?
1
What is the hundred millions digit of 483000487?
4
What is the hundreds digit of 39032628?
6
What is the units digit of 38117578?
8
What is the units digit of 52192417?
7
What is the thousands digit of 474268433?
8
What is the ten millions digit of 225283587?
2
What is the tens digit of 208786039?
3
What is the hundred thousands digit of 269277160?
2
What is the units digit of 2423472976?
6
What is the thousands digit of 960163528?
3
What is the millions digit of 5219711?
5
What is the millions digit of 310542864?
0
What is the tens digit of 10356818?
1
What is the thousands digit of 54939714?
9
What is the tens digit of 86776257?
5
What is the hundred thousands digit of 75626379?
6
What is the hundred millions digit of 1768394918?
7
What is the ten thousands digit of 537432446?
3
What is the hundreds digit of 27033241?
2
What is the ten millions digit of 834645754?
3
What is the hundred millions digit of 216494993?
2
What is the ten thousands digit of 3902103986?
0
What is the billions digit of 3990017691?
3
What is the hundreds digit of 111136755?
7
What is the hundred thousands digit of 39146675?
1
What is the hundred thousands digit of 3029374?
0
What is the tens digit of 108364548?
4
What is the units digit of 1113904189?
9
What is the thousands digit of 40725267?
5
What is the hundred millions digit of 3973370913?
9
What is the hundreds digit of 9332?
3
What is the tens digit of 4616581991?
9
What is the units digit of 4457387?
7
What is the billions digit of 4653716292?
4
What is the hundred thousands digit of 164500642?
5
What is the hundreds digit of 2107927374?
3
What is the hundreds digit of 8043889552?
5
What is the thousands digit of 121385448?
5
What is the tens digit of 2424951846?
4
What is the hundred millions digit of 148403712?
1
What is the ten millions digit of 6353137488?
5
What is the ten thousands digit of 237889256?
8
What is the ten millions digit of 368417854?
6
What is the millions digit of 205672638?
5
What is the millions digit of 2876863?
2
What is the ten thousands digit of 781035086?
3
What is the hundred thousands digit of 284828919?
8
What is the ten thousands digit of 20998269?
9
What is the hundred thousands digit of 7245305?
2
What is the millions digit of 42365921?
2
What is the hundred thousands digit of 1827162608?
1
What is the hundred thousands digit of 3917807052?
8
What is the units digit of 196827491?
1
What is the hundred millions digit of 411439928?
4
What is the millions digit of 54118469?
4
What is the ten thousands digit of 95510444?
1
What is the millions digit of 892929983?
2
What is the ten thousands digit of 64297731?
9
What is the millions digit of 203167789?
3
What is the units digit of 183811307?
7
What is the units digit of 4105200712?
2
What is the millions digit of 1510171941?
0
What is the billions digit of 2416364211?
2
What is the tens digit of 1426484342?
4
What is the hundred millions digit of 275361721?
2
What is the units digit of 47497263?
3
What is the hundred millions digit of 106345526?
1
What is the hundreds digit of 128956056?
0
What is the ten millions digit of 28512412?
2
What is the millions digit of 2009339231?
9
What is the ten thousands digit of 4773728752?
2
What is the millions digit of 12939300?
2
What is the hundred millions digit of 6494967762?
4
What is the millions digit of 1691205047?
1
What is the thousands digit of 2291073943?
3
What is the ten thousands digit of 1922991123?
9
What is the ten millions digit of 368594879?
6
What is the millions digit of 3383417?
3
What is the units digit of 1447762029?
9
What is the units digit of 108226112?
2
What is the tens digit of 3940776380?
8
What is the units digit of 41904360?
0
What is the ten thousands digit of 28093564?
9
What is the ten millions digit of 892227717?
9
What is the ten thousands digit of 3149664746?
6
What is the thousands digit of 9006751976?
1
What is the millions digit of 183090491?
3
What is the billions digit of 7151412686?
7
What is the ten thousands digit of 100361732?
6
What is the ten millions digit of 6936768328?
3
What is the units digit of 105150780?
0
What is the tens digit of 260942198?
9
What is the thousands digit of 27081995?
1
What is the thousands digit of 2462006?
2
What is the hundred thousands digit of 10604908?
6
What is the ten millions digit of 80112743?
8
What is the ten millions digit of 175830950?
7
What is the ten millions digit of 76491794?
7
What is the hundred thousands digit of 193119724?
1
What is the thousands digit of 8943988872?
8
What is the millions digit of 2835786466?
5
What is the tens digit of 7554685?
8
What is the billions digit of 1580707590?
1
What is the ten thousands digit of 66083958?
8
What is the tens digit of 278503115?
1
What is the ten thousands digit of 155826871?
2
What is the tens digit of 320612671?
7
What is the hundreds digit of 340754631?
6
What is the hundreds digit of 2106494544?
5
What is the millions digit of 1920534?
1
What is the hundreds digit of 72109254?
2
What is the units digit of 907542759?
9
What is the millions digit of 1587045145?
7
What is the units digit of 462831952?
2
What is the billions digit of 1066151762?
1
What is the hundreds digit of 1291994231?
2
What is the tens digit of 92633229?
2
What is the thousands digit of 4520129548?
9
What is the hundred thousands digit of 428746618?
7
What is the ten thousands digit of 251405042?
0
What is the thousands digit of 169740378?
0
What is the thousands digit of 878070571?
0
What is the ten millions digit of 41493341?
4
What is the billions digit of 2067870362?
2
What is the tens digit of 811715215?
1
What is the millions digit of 242659156?
2
What is the thousands digit of 1233146615?
6
What is the millions digit of 32273822?
2
What is the hundreds digit of 6409402809?
8
What is the thousands digit of 723115681?
5
What is the tens digit of 78857562?
6
What is the hundred millions digit of 3394574893?
3
What is the millions digit of 77016104?
7
What is the hundreds digit of 695484762?
7
What is the hundreds digit of 866088215?
2
What is the hundreds digit of 332778949?
9
What is the thousands digit of 1299964320?
4
What is the tens digit of 768532531?
3
What is the ten thousands digit of 12422917?
2
What is the hundreds digit of 584884752?
7
What is the hundred thousands digit of 4318027353?
0
What is the units digit of 164710282?
2
What is the hundred thousands digit of 27801648?
8
What is the hundred millions digit of 499581931?
4
What is the units digit of 1393512116?
6
What is the ten thousands digit of 120200911?
0
What is the ten millions digit of 2564180527?
6
What is the thousands digit of 101573205?
3
What is the tens digit of 1307343371?
7
What is the billions digit of 4665290586?
4
What is the billions digit of 1420414660?
1
What is the millions digit of 1925829084?
5
What is the hundred millions digit of 2421328460?
4
What is the hundreds digit of 6044489519?
5
What is the millions digit of 514786762?
4
What is the hundreds digit of 89381681?
6
What is the ten thousands digit of 134118911?
1
What is the tens digit of 951979199?
9
What is the hundred thousands digit of 24817675?
8
What is the tens digit of 884392442?
4
What is the ten thousands digit of 84976858?
7
What is the thousands digit of 140908619?
8
What is the millions digit of 43551121?
3
What is the tens digit of 475587059?
5
What is the tens digit of 603433181?
8
What is the units digit of 43962360?
0
What is the ten thousands digit of 4389674681?
7
What is the hundreds digit of 127186825?
8
What is the hundred thousands digit of 664189655?
1
What is the ten millions digit of 152740261?
5
What is the hundreds digit of 3852426644?
6
What is the ten millions digit of 207685238?
0
What is the thousands digit of 111989576?
9
Wh